{"id":594,"date":"2022-01-05T11:13:12","date_gmt":"2022-01-05T10:13:12","guid":{"rendered":"https:\/\/krippenspiele.d-hauser.com\/?page_id=594"},"modified":"2022-01-05T11:18:07","modified_gmt":"2022-01-05T10:18:07","slug":"impressum","status":"publish","type":"page","link":"https:\/\/krippenspiele.d-hauser.com\/?page_id=594","title":{"rendered":"Impressum"},"content":{"rendered":"\n<figure class=\"wp-block-table\"><table><tbody><tr><td>Diese Seiten wurden erstellt <br>von <br><br><img loading=\"lazy\" decoding=\"async\" width=\"75\" height=\"91\" src=\"http:\/\/www.eksm.de\/images\/ratgeb4.JPG\" alt=\"\"><br><br>Pfarrer i. R. <br>Dietmar Hauser<br>Auenstra\u00dfe 51<br>99510 Apolda<br>Tel:\u00a001712624221<br><br><a href=\"mailto: mail@d-hauser.com\" data-type=\"mailto\" data-id=\"mailto: mail@d-hauser.com\">Mail<\/a><\/td><td>Hinweis zu Inhalten und Links<br>Der Inhalt von www.d-hauser.com ist urheberrechtlich gesch\u00fctzt.<br>Die Vervielf\u00e4ltigung, \u00c4nderung, Verbreitung oder Speicherung von Informationen oder Daten, insbesondere von Texten, Textteilen, interaktiven Anwendungen oder Bildmaterial \u2013 auch auszugsweise \u2013 bedarf der vorherigen schriftlichen Zustimmung des Autors.<br>Diese Seiten inklusive Quelltext und Software d\u00fcrfen nicht ver\u00e4ndert, kopiert, wiederver\u00f6ffentlicht, \u00fcbertragen, verbreitet oder gespeichert werden.<br>Eine Haftung f\u00fcr die Richtigkeit der auf www.d-hauser.com ver\u00f6ffentlichten Inhalte kann trotz sorgf\u00e4ltiger Pr\u00fcfung durch die Redaktion nicht \u00fcbernommen werden.<br>Soweit www.d-hauser.com mittels Hyperlink auf Internet-Seiten Dritter verweist, dient dies allein Informationszwecken, ohne dass sich der Nutzer auf die Aktualit\u00e4t, Richtigkeit oder Vollst\u00e4ndigkeit der Informationen berufen oder verlassen kann.<\/td><\/tr><\/tbody><\/table><\/figure>\n\n\n\n<p><\/p>\n","protected":false},"excerpt":{"rendered":"<div class=\"mh-excerpt\"><p>Diese Seiten wurden erstellt von Pfarrer i. R. Dietmar HauserAuenstra\u00dfe 5199510 ApoldaTel:\u00a001712624221 Mail Hinweis zu Inhalten und LinksDer Inhalt von www.d-hauser.com ist urheberrechtlich gesch\u00fctzt.Die Vervielf\u00e4ltigung, \u00c4nderung, Verbreitung oder Speicherung von Informationen oder Daten, insbesondere von <a class=\"mh-excerpt-more\" href=\"https:\/\/krippenspiele.d-hauser.com\/?page_id=594\" title=\"Impressum\">[&#8230;]<\/a><\/p>\n<\/div>","protected":false},"author":1,"featured_media":0,"parent":0,"menu_order":0,"comment_status":"closed","ping_status":"closed","template":"","meta":{"footnotes":""},"class_list":["post-594","page","type-page","status-publish"],"_links":{"self":[{"href":"https:\/\/krippenspiele.d-hauser.com\/index.php?rest_route=\/wp\/v2\/pages\/594","targetHints":{"allow":["GET"]}}],"collection":[{"href":"https:\/\/krippenspiele.d-hauser.com\/index.php?rest_route=\/wp\/v2\/pages"}],"about":[{"href":"https:\/\/krippenspiele.d-hauser.com\/index.php?rest_route=\/wp\/v2\/types\/page"}],"author":[{"embeddable":true,"href":"https:\/\/krippenspiele.d-hauser.com\/index.php?rest_route=\/wp\/v2\/users\/1"}],"replies":[{"embeddable":true,"href":"https:\/\/krippenspiele.d-hauser.com\/index.php?rest_route=%2Fwp%2Fv2%2Fcomments&post=594"}],"version-history":[{"count":4,"href":"https:\/\/krippenspiele.d-hauser.com\/index.php?rest_route=\/wp\/v2\/pages\/594\/revisions"}],"predecessor-version":[{"id":599,"href":"https:\/\/krippenspiele.d-hauser.com\/index.php?rest_route=\/wp\/v2\/pages\/594\/revisions\/599"}],"wp:attachment":[{"href":"https:\/\/krippenspiele.d-hauser.com\/index.php?rest_route=%2Fwp%2Fv2%2Fmedia&parent=594"}],"curies":[{"name":"wp","href":"https:\/\/api.w.org\/{rel}","templated":true}]}}