{"id":51,"date":"2020-03-08T15:35:27","date_gmt":"2020-03-08T14:35:27","guid":{"rendered":"http:\/\/krippenspiele.d-hauser.com\/?page_id=51"},"modified":"2020-03-08T18:51:58","modified_gmt":"2020-03-08T17:51:58","slug":"dietmar-nickel","status":"publish","type":"page","link":"https:\/\/krippenspiele.d-hauser.com\/?page_id=51","title":{"rendered":"Dietmar Nickel"},"content":{"rendered":"\n<p>Weihnachtsgottesdienst am 24.12.98<\/p>\n\n\n\n<h2 class=\"wp-block-heading\">Die Geburt Jesu und ihre Bedeutung<\/h2>\n\n\n\n<p><em>Kursiv gedruckt sind die Regieanweisungen, sie werden nicht gesprochen !<\/em><\/p>\n\n\n\n<p>Sprecher:<em> liest Lukas 2,1-8 aus der Bibel vor<\/em><\/p>\n\n\n\n<p>Es begab sich aber zu der Zeit, da\u00df ein Gebot von dem Kaiser Augustus ausging, da\u00df alle Welt gesch\u00e4tzt w\u00fcrde.<\/p>\n\n\n\n<p>Und diese Sch\u00e4tzung war die allererste und geschah zur Zeit, da Quirinius Statthalter in Syrien war.<\/p>\n\n\n\n<p>Und jedermann ging, da\u00df er sich sch\u00e4tzen lie\u00dfe, ein jeder in seine Stadt.<\/p>\n\n\n\n<p>Da machte sich auf auch Josef aus Galil\u00e4a, aus der Stadt Nazareth, in das j\u00fcdische Land zur Stadt Davids, die da hei\u00dft Bethlehem, weil er aus dem Hause und Geschlechte Davids war,<\/p>\n\n\n\n<p>damit er sich sch\u00e4tzen lie\u00dfe mit Maria, seinem vertrauten Weibe; die war schwanger.<\/p>\n\n\n\n<p>Und als sie dort waren, kam die Zeit, da\u00df sie geb\u00e4ren sollte.<\/p>\n\n\n\n<p>Und&nbsp; sie gebar ihren ersten Sohn und wickelte ihn in Windeln und legte ihn in eine Krippe; denn sie hatten sonst keinen Raum in der Herberge.<\/p>\n\n\n\n<p>Und es waren Hirten in derselben Gegend auf dem Felde bei den H\u00fcrden, die h\u00fcteten des Nachts ihre Herde.<\/p>\n\n\n\n<p><em>Nun kommen die vier Hirten Sepp, Schorsch, Hannes und Michl aus der Sakristei und setzen sich vor dem Altarbild auf den Teppich sie tragen H\u00fcte, St\u00f6cke, eventuell ein Fell \u00fcber die Schultern und Laternen.<\/em><\/p>\n\n\n\n<p><em>Einer schaut in den Himmel.<\/em><\/p>\n\n\n\n<p>Michl:&nbsp;&nbsp;&nbsp;&nbsp;&nbsp;&nbsp;&nbsp;&nbsp;&nbsp;&nbsp;&nbsp;&nbsp;&nbsp;&nbsp;&nbsp;&nbsp;&nbsp;&nbsp;&nbsp;&nbsp;&nbsp;&nbsp; \u201eDa!\u201c<\/p>\n\n\n\n<p>Sepp und Schorsch: \u201eWas is denn?\u201c<\/p>\n\n\n\n<p>Michl:&nbsp;&nbsp;&nbsp;&nbsp;&nbsp;&nbsp;&nbsp;&nbsp;&nbsp;&nbsp;&nbsp;&nbsp;&nbsp;&nbsp;&nbsp;&nbsp;&nbsp;&nbsp;&nbsp;&nbsp;&nbsp;&nbsp; \u201eNa guck doch da!\u201c<\/p>\n\n\n\n<p>Sepp:&nbsp;&nbsp;&nbsp;&nbsp;&nbsp;&nbsp;&nbsp;&nbsp;&nbsp;&nbsp;&nbsp;&nbsp;&nbsp;&nbsp;&nbsp;&nbsp;&nbsp;&nbsp;&nbsp;&nbsp;&nbsp;&nbsp;&nbsp; \u201eWo denn ?\u201c<\/p>\n\n\n\n<p>Michl:&nbsp;&nbsp;&nbsp;&nbsp;&nbsp;&nbsp;&nbsp;&nbsp;&nbsp;&nbsp;&nbsp;&nbsp;&nbsp;&nbsp;&nbsp;&nbsp;&nbsp;&nbsp;&nbsp;&nbsp;&nbsp;&nbsp; \u201eNa da \u00fcber Bethlehem, der Stern. So was habe ich noch nie gesehen.\u201c<\/p>\n\n\n\n<p>Schorsch:&nbsp;&nbsp;&nbsp;&nbsp;&nbsp;&nbsp;&nbsp;&nbsp;&nbsp;&nbsp;&nbsp;&nbsp;&nbsp;&nbsp;&nbsp;&nbsp;&nbsp; \u201eNa und. Des is doch nix au\u00dfergew\u00f6hnlix.\u201c<\/p>\n\n\n\n<p>Hannes:&nbsp;&nbsp;&nbsp;&nbsp;&nbsp;&nbsp;&nbsp;&nbsp;&nbsp;&nbsp;&nbsp;&nbsp;&nbsp;&nbsp;&nbsp;&nbsp;&nbsp;&nbsp;&nbsp; \u201eWas hast du gesagt? Der Stern ist \u00fcber Bethlehem?\u201c<\/p>\n\n\n\n<p>Michl:&nbsp;&nbsp;&nbsp;&nbsp;&nbsp;&nbsp;&nbsp;&nbsp;&nbsp;&nbsp;&nbsp;&nbsp;&nbsp;&nbsp;&nbsp;&nbsp;&nbsp;&nbsp;&nbsp;&nbsp;&nbsp;&nbsp; \u201eJa, schau doch selbst!\u201c<\/p>\n\n\n\n<p><em>Hannes ruckt nach vorne und schaut ganz interessiert in den Himmel.<\/em><\/p>\n\n\n\n<p>Hannes:&nbsp;&nbsp;&nbsp;&nbsp;&nbsp;&nbsp;&nbsp;&nbsp;&nbsp;&nbsp;&nbsp;&nbsp;&nbsp;&nbsp;&nbsp;&nbsp;&nbsp;&nbsp;&nbsp; \u201eUnd du Bethlehem Efrata, das du klein unter den Tausendschaften von Juda bist, aus dir wird mir der hervorgehen, der Herrscher \u00fcber Israel sein soll.\u201c&nbsp;&nbsp;&nbsp;&nbsp;&nbsp; <em>(<\/em><em>Micha 5,1)<\/em><\/p>\n\n\n\n<p>Schorsch:&nbsp;&nbsp;&nbsp;&nbsp;&nbsp;&nbsp;&nbsp;&nbsp;&nbsp;&nbsp;&nbsp;&nbsp;&nbsp;&nbsp;&nbsp;&nbsp;&nbsp; \u201eSog a mal Sepp, we\u00dft du wos der mend?\u201c<\/p>\n\n\n\n<p>Sepp:&nbsp;&nbsp;&nbsp;&nbsp;&nbsp;&nbsp;&nbsp;&nbsp;&nbsp;&nbsp;&nbsp;&nbsp;&nbsp;&nbsp;&nbsp;&nbsp;&nbsp;&nbsp;&nbsp;&nbsp;&nbsp;&nbsp;&nbsp; \u201eI we\u00df a net, aber des h\u00e4rd si o wie in de Synagoch.\u201c<\/p>\n\n\n\n<p>Hannes:&nbsp;&nbsp;&nbsp;&nbsp;&nbsp;&nbsp;&nbsp;&nbsp;&nbsp;&nbsp;&nbsp;&nbsp;&nbsp;&nbsp;&nbsp;&nbsp;&nbsp;&nbsp;&nbsp; \u201eDas sagte der Prophet Micha \u00fcber den Messiasvoraus, der kommen wird.\u201c<\/p>\n\n\n\n<p>Michl:&nbsp;&nbsp;&nbsp;&nbsp;&nbsp;&nbsp;&nbsp;&nbsp;&nbsp;&nbsp;&nbsp;&nbsp;&nbsp;&nbsp;&nbsp;&nbsp;&nbsp;&nbsp;&nbsp;&nbsp;&nbsp;&nbsp; \u201eAch Oba, wos we\u00dft denn du scho!\u201c<\/p>\n\n\n\n<p>Hannes:&nbsp;&nbsp;&nbsp;&nbsp;&nbsp;&nbsp;&nbsp;&nbsp;&nbsp;&nbsp;&nbsp;&nbsp;&nbsp;&nbsp;&nbsp;&nbsp;&nbsp;&nbsp;&nbsp; \u201eAber ich we\u00df des und i we\u00df nu mehr!\u201c<\/p>\n\n\n\n<p>Schorsch, Sepp und Michl:&nbsp;&nbsp;&nbsp;&nbsp;&nbsp;&nbsp;&nbsp;&nbsp;&nbsp;&nbsp;&nbsp;&nbsp;&nbsp;&nbsp;&nbsp;&nbsp;&nbsp;&nbsp;&nbsp;&nbsp;&nbsp;&nbsp;&nbsp;&nbsp;&nbsp;&nbsp;&nbsp;&nbsp;&nbsp;&nbsp;&nbsp;&nbsp;&nbsp;&nbsp; \u201eJo freili.\u201c<\/p>\n\n\n\n<p><em>Nun wird es hell und ein Engel steht auf der B\u00fchne .Er kam hinter der Kanzel hervor und ein blendendes Licht umgibt ihn. Die Hirten fallen alle auf die Knie und f\u00fcrchten sich.<\/em><\/p>\n\n\n\n<p><em>Hannes h\u00e4lt die Hand vors Gesicht, weil ihn das Licht blendet und versucht etwas zu erkennen.<\/em><\/p>\n\n\n\n<p>Engel:&nbsp;&nbsp;&nbsp;&nbsp;&nbsp;&nbsp;&nbsp;&nbsp;&nbsp;&nbsp;&nbsp;&nbsp;&nbsp;&nbsp;&nbsp;&nbsp;&nbsp;&nbsp;&nbsp;&nbsp;&nbsp;&nbsp; \u201eF\u00fcrchtet euch nicht! Siehe, ich verk\u00fcndige euch gro\u00dfe Freude, die allem Volk widerfahren wird; denn euch ist heute der Heiland geboren, welcher ist Christus, der Herr, in der Stadt Davids. Und das habt zum Zeichen: ihr werdet finden das Kind in Windeln gewickelt und in einer Krippe liegen. <em>(<\/em><em>Lukas 2,10-12)<\/em><\/p>\n\n\n\n<p><em>Der Engel und das Licht verschwinden wieder. Die Hirten stehen auf.<\/em><\/p>\n\n\n\n<p>Schorsch, Sepp und Michl:&nbsp; \u201eOpa Hannes was wei\u00dft du denn noch?\u201c<\/p>\n\n\n\n<p>Hannes:&nbsp;&nbsp;&nbsp;&nbsp;&nbsp;&nbsp;&nbsp;&nbsp;&nbsp;&nbsp;&nbsp;&nbsp;&nbsp;&nbsp;&nbsp;&nbsp;&nbsp;&nbsp;&nbsp; \u201eEs steht geschrieben, dass eine Jungfrau schwanger wird und der Heiland ein Nachkomme Davids sein wird. Au\u00dferdem wird er das Reich Gottes verk\u00fcndigen. Auf einem Esel wird er in Jerusalem einziehen. Er kommt in unsere Welt um uns den Weg zu Gott zu weisen und stellvertretend f\u00fcr uns unsere S\u00fcnden zu bezahlen. Er wird f\u00fcr 30 Silberlinge verraten, unter Gesetzlosen sterben und durch seine Auferstehung den Teufel endg\u00fcltig besiegen.\u201c<\/p>\n\n\n\n<p>Michl:&nbsp;&nbsp;&nbsp;&nbsp;&nbsp;&nbsp;&nbsp;&nbsp;&nbsp;&nbsp;&nbsp;&nbsp;&nbsp;&nbsp;&nbsp;&nbsp;&nbsp;&nbsp;&nbsp;&nbsp;&nbsp;&nbsp; \u201eDer Engel sagte, dass er der Heiland ist. Was bedeutet denn das f\u00fcr uns?\u201c<\/p>\n\n\n\n<p>Hannes:&nbsp;&nbsp;&nbsp;&nbsp;&nbsp;&nbsp;&nbsp;&nbsp;&nbsp;&nbsp;&nbsp;&nbsp;&nbsp;&nbsp;&nbsp;&nbsp;&nbsp;&nbsp;&nbsp; \u201eDer Heiland bringt uns Heil , das hei\u00dft er macht uns gesund. Er erl\u00f6st uns von unserer S\u00fcnde, also unserer Schuld vor Gott.\u201c<\/p>\n\n\n\n<p>Sepp schaut ganz nachdenklich und kratzt sich am Bart.<\/p>\n\n\n\n<p>Sepp:&nbsp;&nbsp;&nbsp;&nbsp;&nbsp;&nbsp;&nbsp;&nbsp;&nbsp;&nbsp;&nbsp;&nbsp;&nbsp;&nbsp;&nbsp;&nbsp;&nbsp;&nbsp;&nbsp;&nbsp;&nbsp;&nbsp;&nbsp; \u201eJa wenn das so ist, dass die Propheten so viel \u00fcber ihn voraus gesagt haben und es uns die Engel best\u00e4tigt haben, dann machen wir uns doch auf den Weg zum Heiland, der uns mit Gott vers\u00f6hnt. Da wollen wir auch dabei sein!\u201c<\/p>\n\n\n\n<p><em>Hirten gehen.<\/em><\/p>\n\n\n\n<p><em>Es wird das Lied 48 (Kommet ihr Hirten), die Strophen 1 + 2 gesungen.<\/em><\/p>\n\n\n\n<p><em>Die Hirten treffen im Stall bei Maria, Josef und dem Kind in der Krippe ein.<\/em><\/p>\n\n\n\n<p><em>Sie knien vor der Krippe.<\/em><\/p>\n\n\n\n<p>Hannes:&nbsp;&nbsp;&nbsp;&nbsp;&nbsp;&nbsp;&nbsp;&nbsp;&nbsp;&nbsp;&nbsp;&nbsp;&nbsp;&nbsp;&nbsp;&nbsp;&nbsp;&nbsp;&nbsp; \u201eDer Stein, den die Bauleute verworfen haben, er ist zum Eckstein geworden.\u201c&nbsp;&nbsp;&nbsp;&nbsp; <em>(<\/em><em>Psalm 118,22)<\/em><\/p>\n\n\n\n<p>Sepp:&nbsp;&nbsp;&nbsp;&nbsp;&nbsp;&nbsp;&nbsp;&nbsp;&nbsp;&nbsp;&nbsp;&nbsp;&nbsp;&nbsp;&nbsp;&nbsp;&nbsp;&nbsp;&nbsp;&nbsp;&nbsp;&nbsp;&nbsp; \u201eOpa Hannes, was hei\u00dft denn das was du gerade gesagt hast?\u201c<\/p>\n\n\n\n<p>Hannes:&nbsp;&nbsp;&nbsp;&nbsp;&nbsp;&nbsp;&nbsp;&nbsp;&nbsp;&nbsp;&nbsp;&nbsp;&nbsp;&nbsp;&nbsp;&nbsp;&nbsp;&nbsp;&nbsp; \u201eDas ist der Psalm 118 Vers 22. Er besagt, dass viele Menschen die zentrale Bedeutung des Heilands nicht verstehen werden.<\/p>\n\n\n\n<p>&nbsp;&nbsp;&nbsp;&nbsp;&nbsp;&nbsp;&nbsp;&nbsp;&nbsp;&nbsp;&nbsp;&nbsp;&nbsp;&nbsp;&nbsp;&nbsp;&nbsp;&nbsp;&nbsp;&nbsp;&nbsp;&nbsp;&nbsp;&nbsp;&nbsp;&nbsp;&nbsp;&nbsp;&nbsp;&nbsp;&nbsp;&nbsp; Der Eckstein ist der Stein, von dem alles abh\u00e4ngt, der alles zusammenh\u00e4lt.<\/p>\n\n\n\n<p>&nbsp;&nbsp;&nbsp;&nbsp;&nbsp;&nbsp;&nbsp;&nbsp;&nbsp;&nbsp;&nbsp;&nbsp;&nbsp;&nbsp;&nbsp;&nbsp;&nbsp;&nbsp;&nbsp;&nbsp;&nbsp;&nbsp;&nbsp;&nbsp;&nbsp;&nbsp;&nbsp;&nbsp;&nbsp;&nbsp;&nbsp;&nbsp; L\u00e4sst man ihn weg, so f\u00e4llt das ganze Geb\u00e4ude ein.<\/p>\n\n\n\n<p>&nbsp;&nbsp;&nbsp;&nbsp;&nbsp;&nbsp;&nbsp;&nbsp;&nbsp;&nbsp;&nbsp;&nbsp;&nbsp;&nbsp;&nbsp;&nbsp;&nbsp;&nbsp;&nbsp;&nbsp;&nbsp;&nbsp;&nbsp;&nbsp;&nbsp;&nbsp;&nbsp;&nbsp;&nbsp;&nbsp;&nbsp;&nbsp; Jesus ist dieser Eckstein.<\/p>\n\n\n\n<p>&nbsp;&nbsp;&nbsp;&nbsp;&nbsp;&nbsp;&nbsp;&nbsp;&nbsp;&nbsp;&nbsp;&nbsp;&nbsp;&nbsp;&nbsp;&nbsp;&nbsp;&nbsp;&nbsp;&nbsp;&nbsp;&nbsp;&nbsp;&nbsp;&nbsp;&nbsp;&nbsp;&nbsp;&nbsp;&nbsp;&nbsp;&nbsp; Es besagt, da\u00df wir nur durch den Glauben an Jesus zu Gott kommen k\u00f6nnen.\u201c&nbsp;&nbsp;&nbsp;&nbsp;&nbsp;&nbsp; <em>(<\/em><em>Johannes 14,6)<\/em><\/p>\n\n\n\n<p><em>In der ersten Reihe sitzen Vater, Mutter und Kind. Das Kind sitzt zwischen den Eltern.<\/em><\/p>\n\n\n\n<p>Kind:&nbsp;&nbsp;&nbsp;&nbsp;&nbsp;&nbsp;&nbsp;&nbsp;&nbsp;&nbsp;&nbsp;&nbsp;&nbsp;&nbsp;&nbsp;&nbsp;&nbsp;&nbsp;&nbsp;&nbsp;&nbsp;&nbsp;&nbsp; \u201ePapa, die Hirten sind doch nur in den Stall gegangen, weil der Engel erschienen ist.<\/p>\n\n\n\n<p>&nbsp;&nbsp;&nbsp;&nbsp;&nbsp;&nbsp;&nbsp;&nbsp;&nbsp;&nbsp;&nbsp;&nbsp;&nbsp;&nbsp;&nbsp;&nbsp;&nbsp;&nbsp;&nbsp;&nbsp;&nbsp;&nbsp;&nbsp;&nbsp;&nbsp;&nbsp;&nbsp;&nbsp;&nbsp;&nbsp;&nbsp;&nbsp; Aber hat den dieser Jesus auch eine Bedeutung f\u00fcr uns?\u201c<\/p>\n\n\n\n<p>Vater:&nbsp;&nbsp;&nbsp;&nbsp;&nbsp;&nbsp;&nbsp;&nbsp;&nbsp;&nbsp;&nbsp;&nbsp;&nbsp;&nbsp;&nbsp;&nbsp;&nbsp;&nbsp;&nbsp;&nbsp;&nbsp;&nbsp; \u201eWe\u00dft wos, fr\u00e4ch do a mal die Modder, die kennd si da besser aus.\u201c<\/p>\n\n\n\n<p><em>Kind schaut nun die Mutter fragend an. Mutter wendet sich nun dem Kind zu.<\/em><\/p>\n\n\n\n<p>Mutter:&nbsp;&nbsp;&nbsp;&nbsp;&nbsp;&nbsp;&nbsp;&nbsp;&nbsp;&nbsp;&nbsp;&nbsp;&nbsp;&nbsp;&nbsp;&nbsp;&nbsp;&nbsp;&nbsp;&nbsp; \u201eWei\u00dft du, die Hirten sind nicht nur aus Neugier zu Jesus gegangen, sondern sie haben erkannt, dass er der Weg zu Gott ist und sie haben eine Entscheidung getroffen. Sie wollten auch zu ihm geh\u00f6ren. Wir wissen, dass Jesus von den Toten auferstanden ist und nun zur Rechten Gottes des Vaters sitzt. Von dort wird er kommen und jeden auferwecken, der an ihn glaubt. Denn wer an Jesus glaubt, der ist ein Kind Gottes, genau wie du unser Kind bist.\u201c<\/p>\n\n\n\n<p>Kind:&nbsp;&nbsp;&nbsp;&nbsp;&nbsp;&nbsp;&nbsp;&nbsp;&nbsp;&nbsp;&nbsp;&nbsp;&nbsp;&nbsp;&nbsp;&nbsp;&nbsp;&nbsp;&nbsp;&nbsp;&nbsp;&nbsp;&nbsp; \u201eMama, da will ich dann auch dazu geh\u00f6ren.\u201c<\/p>\n\n\n\n<p>Mutter:&nbsp;&nbsp;&nbsp;&nbsp;&nbsp;&nbsp;&nbsp;&nbsp;&nbsp;&nbsp;&nbsp;&nbsp;&nbsp;&nbsp;&nbsp;&nbsp;&nbsp;&nbsp;&nbsp;&nbsp; \u201eDas tust du auch. Wenn du an Jesus glaubst, also fest darauf vertraust, dass er auch dich lieb hat, deine Schuld ges\u00fchnt hat und immer f\u00fcr dich da sein will und dich durch seinen Heiligen Geist f\u00fchrt.<\/p>\n\n\n\n<p>&nbsp;&nbsp;&nbsp;&nbsp;&nbsp;&nbsp;&nbsp;&nbsp;&nbsp;&nbsp;&nbsp;&nbsp;&nbsp;&nbsp;&nbsp;&nbsp;&nbsp;&nbsp;&nbsp;&nbsp;&nbsp;&nbsp;&nbsp;&nbsp;&nbsp;&nbsp;&nbsp;&nbsp;&nbsp;&nbsp;&nbsp;&nbsp; Das wir uns f\u00fcr Jesus entschieden haben, das singen wir auch jetzt mit dem Lied 1 Vers 5.<\/p>\n\n\n\n<p><em>Es wird nun vom Lied 1 Macht hoch die T\u00fcr die f\u00fcnfte Strophe gesungen.<\/em><\/p>\n\n\n\n<p><em>(Er fasst noch einmal das Wichtigste des bereits gesagten zusammen).<\/em><\/p>\n\n\n\n<p>Mitspieler:<\/p>\n\n\n\n<p>Hirten:<\/p>\n\n\n\n<p>Opa Hannes:&nbsp;&nbsp;&nbsp;&nbsp;&nbsp;&nbsp;&nbsp;&nbsp;&nbsp;&nbsp;&nbsp;&nbsp;&nbsp;&nbsp;&nbsp;&nbsp;&nbsp;&nbsp;&nbsp;&nbsp;&nbsp;&nbsp;&nbsp;&nbsp;&nbsp;&nbsp;<\/p>\n\n\n\n<p>Michl:&nbsp;&nbsp;&nbsp;&nbsp;&nbsp;&nbsp;&nbsp;&nbsp;&nbsp;&nbsp;&nbsp;&nbsp;&nbsp;&nbsp;&nbsp;&nbsp;&nbsp;&nbsp;&nbsp;&nbsp;&nbsp;&nbsp;&nbsp;&nbsp;&nbsp;&nbsp;&nbsp;&nbsp;&nbsp;&nbsp;&nbsp;&nbsp;&nbsp;&nbsp;&nbsp;&nbsp;<\/p>\n\n\n\n<p>Sepp:&nbsp;&nbsp;&nbsp;&nbsp;&nbsp;&nbsp;&nbsp;&nbsp;&nbsp;&nbsp;&nbsp;&nbsp;&nbsp;&nbsp;&nbsp;&nbsp;&nbsp;&nbsp;&nbsp;&nbsp;&nbsp;&nbsp;&nbsp;&nbsp;&nbsp;&nbsp;&nbsp;&nbsp;&nbsp;&nbsp;&nbsp;&nbsp;&nbsp;&nbsp;&nbsp;&nbsp;&nbsp;<\/p>\n\n\n\n<p>Schorsch:&nbsp;&nbsp;&nbsp;&nbsp;&nbsp;&nbsp;&nbsp;&nbsp;&nbsp;&nbsp;&nbsp;&nbsp;&nbsp;&nbsp;&nbsp;&nbsp;&nbsp;&nbsp;&nbsp;&nbsp;&nbsp;&nbsp;&nbsp;&nbsp;&nbsp;&nbsp;&nbsp;&nbsp;&nbsp;&nbsp;&nbsp;<\/p>\n\n\n\n<p>Engel:<\/p>\n\n\n\n<p>Vater:&nbsp;&nbsp;&nbsp;&nbsp;&nbsp;&nbsp;&nbsp;&nbsp;&nbsp;&nbsp;&nbsp;&nbsp;&nbsp;&nbsp;&nbsp;&nbsp;&nbsp;&nbsp;&nbsp;&nbsp;&nbsp;&nbsp;&nbsp;&nbsp;&nbsp;&nbsp;&nbsp;&nbsp;&nbsp;&nbsp;&nbsp;&nbsp;&nbsp;&nbsp;&nbsp;&nbsp;<\/p>\n\n\n\n<p>Mutter:&nbsp;&nbsp;&nbsp;&nbsp;&nbsp;&nbsp;&nbsp;&nbsp;&nbsp;&nbsp;&nbsp;&nbsp;&nbsp;&nbsp;&nbsp;&nbsp;&nbsp;&nbsp;&nbsp;&nbsp;&nbsp;&nbsp;&nbsp;&nbsp;&nbsp;&nbsp;&nbsp;&nbsp;&nbsp;&nbsp;&nbsp;&nbsp;&nbsp;&nbsp;<\/p>\n\n\n\n<p>Kind:&nbsp;&nbsp;&nbsp;&nbsp;&nbsp;&nbsp;&nbsp;&nbsp;&nbsp;&nbsp;&nbsp;&nbsp;&nbsp;&nbsp;&nbsp;&nbsp;&nbsp;&nbsp;&nbsp;&nbsp;&nbsp;&nbsp;&nbsp;&nbsp;&nbsp;&nbsp;&nbsp;&nbsp;&nbsp;&nbsp;&nbsp;&nbsp;&nbsp;&nbsp;&nbsp;&nbsp;&nbsp;<\/p>\n\n\n\n<p>Sprecher:&nbsp;&nbsp;&nbsp;&nbsp;&nbsp;&nbsp;&nbsp;&nbsp;&nbsp;&nbsp;&nbsp;&nbsp;&nbsp;&nbsp;&nbsp;&nbsp;&nbsp;&nbsp;&nbsp;&nbsp;&nbsp;&nbsp;&nbsp;&nbsp;&nbsp;&nbsp;&nbsp;&nbsp;&nbsp;&nbsp;&nbsp;<\/p>\n\n\n\n<p>Stumme Mitspieler: (Statisten):<\/p>\n\n\n\n<p>Maria&nbsp;&nbsp;&nbsp;&nbsp;&nbsp;&nbsp;&nbsp;&nbsp;&nbsp;&nbsp;&nbsp;&nbsp;&nbsp;&nbsp;&nbsp;&nbsp;&nbsp;&nbsp;&nbsp;&nbsp;&nbsp;&nbsp;&nbsp;&nbsp;&nbsp;&nbsp;&nbsp;&nbsp;&nbsp;&nbsp;&nbsp;&nbsp;&nbsp;&nbsp;&nbsp;&nbsp;&nbsp;<\/p>\n\n\n\n<p>Josef&nbsp;&nbsp;&nbsp;&nbsp;&nbsp;&nbsp;&nbsp;&nbsp;&nbsp;&nbsp;&nbsp;&nbsp;&nbsp;&nbsp;&nbsp;&nbsp;&nbsp;&nbsp;&nbsp;&nbsp;&nbsp;&nbsp;&nbsp;&nbsp;&nbsp;&nbsp;&nbsp;&nbsp;&nbsp;&nbsp;&nbsp;&nbsp;&nbsp;&nbsp;&nbsp;&nbsp;&nbsp;&nbsp;<\/p>\n","protected":false},"excerpt":{"rendered":"<div class=\"mh-excerpt\"><p>Weihnachtsgottesdienst am 24.12.98 Die Geburt Jesu und ihre Bedeutung Kursiv gedruckt sind die Regieanweisungen, sie werden nicht gesprochen ! Sprecher: liest Lukas 2,1-8 aus der Bibel vor Es begab sich aber zu der Zeit, da\u00df <a class=\"mh-excerpt-more\" href=\"https:\/\/krippenspiele.d-hauser.com\/?page_id=51\" title=\"Dietmar Nickel\">[&#8230;]<\/a><\/p>\n<\/div>","protected":false},"author":1,"featured_media":0,"parent":2,"menu_order":0,"comment_status":"closed","ping_status":"closed","template":"","meta":{"footnotes":""},"class_list":["post-51","page","type-page","status-publish"],"_links":{"self":[{"href":"https:\/\/krippenspiele.d-hauser.com\/index.php?rest_route=\/wp\/v2\/pages\/51","targetHints":{"allow":["GET"]}}],"collection":[{"href":"https:\/\/krippenspiele.d-hauser.com\/index.php?rest_route=\/wp\/v2\/pages"}],"about":[{"href":"https:\/\/krippenspiele.d-hauser.com\/index.php?rest_route=\/wp\/v2\/types\/page"}],"author":[{"embeddable":true,"href":"https:\/\/krippenspiele.d-hauser.com\/index.php?rest_route=\/wp\/v2\/users\/1"}],"replies":[{"embeddable":true,"href":"https:\/\/krippenspiele.d-hauser.com\/index.php?rest_route=%2Fwp%2Fv2%2Fcomments&post=51"}],"version-history":[{"count":1,"href":"https:\/\/krippenspiele.d-hauser.com\/index.php?rest_route=\/wp\/v2\/pages\/51\/revisions"}],"predecessor-version":[{"id":52,"href":"https:\/\/krippenspiele.d-hauser.com\/index.php?rest_route=\/wp\/v2\/pages\/51\/revisions\/52"}],"up":[{"embeddable":true,"href":"https:\/\/krippenspiele.d-hauser.com\/index.php?rest_route=\/wp\/v2\/pages\/2"}],"wp:attachment":[{"href":"https:\/\/krippenspiele.d-hauser.com\/index.php?rest_route=%2Fwp%2Fv2%2Fmedia&parent=51"}],"curies":[{"name":"wp","href":"https:\/\/api.w.org\/{rel}","templated":true}]}}