{"id":35,"date":"2020-03-08T14:47:40","date_gmt":"2020-03-08T13:47:40","guid":{"rendered":"http:\/\/krippenspiele.d-hauser.com\/?page_id=35"},"modified":"2020-03-08T18:42:14","modified_gmt":"2020-03-08T17:42:14","slug":"betheln-1","status":"publish","type":"page","link":"https:\/\/krippenspiele.d-hauser.com\/?page_id=35","title":{"rendered":"Betheln 1"},"content":{"rendered":"\n<p>Autor: D. Kirschniok<\/p>\n\n\n\n<p><strong>\u201eWeihnachtsrumpelkammer\u201c \u2013 Krippenspiel Betheln 2010<\/strong><\/p>\n\n\n\n<p>Frederik:<\/p>\n\n\n\n<p>\u201eDu Florian, ist Dir auch so schrecklich lang\u2014weilig?\u201c<\/p>\n\n\n\n<p>Florian:<\/p>\n\n\n\n<p>\u201eJa, besonders jetzt in der Weihnachtszeit kommt selten einer hier oben auf den Dachboden.\u201c<\/p>\n\n\n\n<p>Frederik:<\/p>\n\n\n\n<p>\u201eWenn mir so langweilig ist mach`ich mir immer viele Gedanken und da gibt e etwas, was mich<\/p>\n\n\n\n<p>schon immer interessiert hat.\u201c<\/p>\n\n\n\n<p>Florian:<\/p>\n\n\n\n<p>\u201eMensch, Frederik, mach es nicht so spannend.\u201c<\/p>\n\n\n\n<p>Frederik:<\/p>\n\n\n\n<p>\u201eHast Du schon mal was vom Wunder der Christnacht geh\u00f6rt?\u201c<\/p>\n\n\n\n<p>Florian:<\/p>\n\n\n\n<p>\u201eNein Frederik, aber Du bist wirklich die gl\u00e4ubigste Maus die ich kenne.<\/p>\n\n\n\n<p>Ich bin Dein bester Freund und wir werden es zusammen herausfinden, das verspreche ich Dir.\u201c<\/p>\n\n\n\n<p>Frederik:<\/p>\n\n\n\n<p>\u201eIch denke wir sollten dort hinten in der Ecke anfangen zu suchen, denn das sieht verd\u00e4chtig nach Krippe und Stall von Bethlehem aus.\u201c<\/p>\n\n\n\n<p><strong>(Die Kinder spielen vor der Treppe mit Rad, Roller, Ball.)<\/strong><\/p>\n\n\n\n<p>Kind 1:<\/p>\n\n\n\n<p>\u201eHabt Ihr schon gemerkt, es f\u00e4ngt an zu schneien(regnen).(je nach Wetterlage am Heiligabend)<\/p>\n\n\n\n<p>Ich dachte echt wir k\u00f6nnten noch drau\u00dfen bleiben.\u201c<\/p>\n\n\n\n<p>Kind 2:<\/p>\n\n\n\n<p>\u201eKannst Du ja machen, mir ist es einfach zu nass und zu kalt.\u201c<\/p>\n\n\n\n<p>Kind 3:<\/p>\n\n\n\n<p>\u201eJa und was machen wir jetzt?<\/p>\n\n\n\n<p>Nach Hause kann ich nicht, meine Mutter rastet aus, wenn ich jetzt schon auf der Matte stehe!\u201c<\/p>\n\n\n\n<p>Kind 4:<\/p>\n\n\n\n<p>\u201eIch hab eine Idee: wir gehen bei meiner Oma Uschi auf den Dachboden, da gibt es immer was Interessantes zu entdecken.\u201c<\/p>\n\n\n\n<p>Kind 5:<\/p>\n\n\n\n<p>\u201eOh ja, super Idee!\u201c<\/p>\n\n\n\n<p><strong>(Die Kinder legen ihre R\u00e4der u. Roller ab und steigen auf den Dachboden)<\/strong><\/p>\n\n\n\n<p><strong><em>LIED: \u201eEs ist f\u00fcr uns eine Zeit angekommen.\u201c<\/em><\/strong><\/p>\n\n\n\n<p>(Da kommen die beiden M\u00e4use nochmal nach vorn-zuerst der Florian.)<\/p>\n\n\n\n<p>Florian:<\/p>\n\n\n\n<p>\u201eF&#8230;rrrreeeederik!\u201c<\/p>\n\n\n\n<p>Frederik:<\/p>\n\n\n\n<p>\u201eWas schreist Du denn so?\u201c<\/p>\n\n\n\n<p>Florian:<\/p>\n\n\n\n<p>\u201eIch sehe gerade wie unsere Langeweile die Flatter macht.\u201c<\/p>\n\n\n\n<p>Frederik:<\/p>\n\n\n\n<p>\u201eJetzt bleib doch mal ruhig, was ist denn los?\u201c<\/p>\n\n\n\n<p>Florian:<\/p>\n\n\n\n<p>\u201eNix ruhig bleiben, wir m\u00fcssen ganz schnell verschwinden, eine Horde trampelnder Kinder kommt die Treppe zum Dachboden rauf.\u201c<\/p>\n\n\n\n<p><strong>(Zu den Zuschauern sprechend)<\/strong> \u201eWir sehen uns sp\u00e4ter noch \u2013 versprochen!\u201c<\/p>\n\n\n\n<p><strong>(Die Kinder erreichen den Dachboden.)<\/strong><\/p>\n\n\n\n<p>Kind 1:<\/p>\n\n\n\n<p>\u201eWau<strong>,(schaut sich staunend um)<\/strong>, echt klasse hier oben.\u201c<\/p>\n\n\n\n<p>Kind 2:<\/p>\n\n\n\n<p>\u201eKommt, wir verkleiden uns.\u201c <strong>(Zieht sich ein Kost\u00fcm an)<\/strong><\/p>\n\n\n\n<p>Kind 4:<\/p>\n\n\n\n<p>\u201eJa, los!\u201c<\/p>\n\n\n\n<p>Kind 3:<\/p>\n\n\n\n<p><strong>(zieht sich ein Prinzessinnen-Kleid an)<\/strong> \u201eWie sehe ich aus?\u201c<\/p>\n\n\n\n<p>Kind 2:<\/p>\n\n\n\n<p>\u201eViel zu elegant f\u00fcr Dich. Hier das ist eher was f\u00fcr Dich.\u201c<strong>(kichert und reicht ihr eine Kittelsch\u00fcrze)<\/strong><\/p>\n\n\n\n<p>Kind 5:<\/p>\n\n\n\n<p>\u201eUnd was soll ich anziehen?\u201c<\/p>\n\n\n\n<p>Kind 4:<\/p>\n\n\n\n<p><strong>(wandert auf der B\u00fchne ziellos herum und entdeckt den Stall)<\/strong><\/p>\n\n\n\n<p>\u201eAlle mal hier her!\u201c<\/p>\n\n\n\n<p>Kind 1:<\/p>\n\n\n\n<p>\u201eIch fass`es nicht das ist ja eine echte&#8230;&#8230;\u201c<\/p>\n\n\n\n<p>Kind 2:<\/p>\n\n\n\n<p>\u201eDu sagst es \u2013 eine Weihnachtskrippe.\u201c<\/p>\n\n\n\n<p>Kind 5:<\/p>\n\n\n\n<p>\u201eNein, keine Weihnachtskrippe, es ist der Stall von Bethlehem!\u201c<\/p>\n\n\n\n<p>Kind 3:<\/p>\n\n\n\n<p>\u201eJa klar, und ich bin der Kaiser Augustus und treib die Steuern ein.\u201c<\/p>\n\n\n\n<p>Kind 5:<\/p>\n\n\n\n<p>\u201eDoch. Also ich w\u00fcrde mir die verpackten Figuren ja gern mal ansehen.\u201c<\/p>\n\n\n\n<p>Kind 4:<\/p>\n\n\n\n<p>\u201eK\u00f6nnen wir die auch auspacken?\u201c<\/p>\n\n\n\n<p>Kind 2:<\/p>\n\n\n\n<p><strong>(steht vor der Maria-Figur und betrachtet sie)<\/strong><\/p>\n\n\n\n<p>\u201eAuspacken schon, aber spielen wird wohl nix, die sind viel zu schwer.\u201c<\/p>\n\n\n\n<p>Kind 3:<\/p>\n\n\n\n<p>\u201eWas ist an denen denn so toll?\u201c<\/p>\n\n\n\n<p>Kind 1:<\/p>\n\n\n\n<p>\u201eDu hast ja keine Ahnung-denkst bei Weihnachten nur an Geschenke und die Gans, was?\u201c<\/p>\n\n\n\n<p>Kind 2:<\/p>\n\n\n\n<p>\u201eH\u00f6rt auf mit dem Gestreite am heiligen Abend und kommt!\u201c<\/p>\n\n\n\n<p><strong>(wickelt die Maria-Figur aus, alle anderen tun das Selbe und so sind alle Figuren ausgepackt)<\/strong><\/p>\n\n\n\n<p>Kind 5:<\/p>\n\n\n\n<p><strong>(geht zur Maria-Figur, hebt den Arm etwas und spricht zu der Josef-Figur)<\/strong><\/p>\n\n\n\n<p>\u201eAch Josef, ich bin so froh da\u00df wir den Stall gefunden haben. Wenigstens ein Dach \u00fcber dem Kopf.\u201c<\/p>\n\n\n\n<p><strong>(der andere Arm von Maria bewegt sich von allein, das Kind 4 springt zur\u00fcck. Alle stehen dicht zusammen und beobachten was da vor ihren Augen geschieht. Maria nimmt das Jesuskind in den Arm.)<\/strong><\/p>\n\n\n\n<p>Maria:<\/p>\n\n\n\n<p>\u201eSchau, Josef, unser Kind l\u00e4chelt. Jesus soll er hei\u00dfen, so wie der Engel es sagte.\u201c<\/p>\n\n\n\n<p>Josef:<\/p>\n\n\n\n<p>\u201eWir stehen wirklich unter besonderem Schutz, sieh der Stern wanderte die ganze Zeit voran und leuchtet jetzt \u00fcber dem Stall.\u201c<\/p>\n\n\n\n<p><strong><em>LIED: \u201eStill, still, still\u201c<\/em><\/strong><\/p>\n\n\n\n<p>Engel:<\/p>\n\n\n\n<p><strong>(Engel kommen leise auf die B\u00fchne und bilden einen Halbkreis um Maria und Josef; sie sprechen gemeinsam:)<\/strong><\/p>\n\n\n\n<p>\u201eEhre sei Gott in der H\u00f6he und Frieden auf Erden bei den Menschen.\u201c<\/p>\n\n\n\n<p><strong>(die Hirten reden aufgeregt miteinander als ie nach vorne zum Stall gehen)<\/strong><\/p>\n\n\n\n<p>Ephraim:<\/p>\n\n\n\n<p>\u201eIch mu\u00df immer noch an das grelle Licht drau\u00dfen bei den Schafen denken.\u201c<\/p>\n\n\n\n<p>Benjamin:<\/p>\n\n\n\n<p>\u201eIch h\u00f6r den Engel noch sagen: &#8230;&#8230;..<strong>(Verk\u00fcndigungsengel treten auf)<\/strong><\/p>\n\n\n\n<p>Verk\u00fcndigungsengel:<\/p>\n\n\n\n<p>\u201eF\u00fcrchtet Euch nicht!<\/p>\n\n\n\n<p>Siehe ich verk\u00fcndige Euch eine gro\u00dfe Freude,<\/p>\n\n\n\n<p>die allem Volk wiederfahren wird;<\/p>\n\n\n\n<p>denn Euch ist heute der Heiland geboren.\u201c<\/p>\n\n\n\n<p><strong><em>LIED: \u201eOh Du Fr\u00f6hliche\u201c<\/em><\/strong><\/p>\n\n\n\n<p>Kind 4 zu den Hirten:<\/p>\n\n\n\n<p>\u201eHattet Ihr denn garkeine Angst und was habt Ihr dem Jesuskind denn als Geschenk mitgebracht?\u201c<\/p>\n\n\n\n<p>Simon:<\/p>\n\n\n\n<p>\u201eUnsere Angst hat uns der Engel mit seinen Worten genommen. Nun la\u00dft uns unsere bescheidenen Geschenke zum Kind bringen. Es ist nicht viel, aber es kommt von Herzen.\u201c<\/p>\n\n\n\n<p>Benjamin:<\/p>\n\n\n\n<p>\u201eSchau ein Fell, da kannst Du Dein Kind drauf legen, damit es sch\u00f6n warm liegt.\u201c<\/p>\n\n\n\n<p>Simon:<\/p>\n\n\n\n<p>\u201eVon mir eine Wolldecke-gro\u00df genug f\u00fcr Dich und das Kind.\u201c<\/p>\n\n\n\n<p>Ephraim:<\/p>\n\n\n\n<p>\u201eIch bringe Dir Brot und etwas K\u00e4se.\u201c<\/p>\n\n\n\n<p>Maria:<\/p>\n\n\n\n<p>\u201eVielen Dank Ihr Hirten.\u201c<\/p>\n\n\n\n<p>Josef:<\/p>\n\n\n\n<p>\u201eKommt, setzt Euch zu uns ins Stroh und w\u00e4rmt Euch auf, bevor Ihr zu Euren Schafen geht.\u201c<\/p>\n\n\n\n<p><strong>(Hirten setzen sich.)<\/strong><\/p>\n\n\n\n<p><strong><em>LIED: \u201eKommet Ihr Hirten\u201c<\/em><\/strong><\/p>\n\n\n\n<p>Kind 5:<\/p>\n\n\n\n<p>\u201eLa\u00dft uns hineingehen und dieses Kind anbeten, das so unterschiedliche Menschen zu sich einl\u00e4dt.\u201c<\/p>\n\n\n\n<p>Kind 1:<\/p>\n\n\n\n<p>\u201eJa, kommt.\u201c<\/p>\n\n\n\n<p><strong>(die Kinder setzen sich zur Krippe dazu)<\/strong><\/p>\n\n\n\n<p><strong><em>LIED: \u201eIhr Kinderlein kommet\u201c<\/em><\/strong><\/p>\n\n\n\n<p><strong>(Es ist ganz ruhig auf der B\u00fchne. Da kommen Frederik und Florian noch einmal.)<\/strong><\/p>\n\n\n\n<p>Florian:<\/p>\n\n\n\n<p>\u201eHab`ich nicht gesagt wir sehn`uns noch. Kinder`s das war toll, \u00fcberhaupt nicht langweilig.<\/p>\n\n\n\n<p>Ich wollte doch noch mal wissen ob Ihr es auch mitbekommen habt, was es mit dem Geheimnis der Christnacht auf sich hat?\u201c<\/p>\n\n\n\n<p>Frederik:<\/p>\n\n\n\n<p>\u201eRichtig, da\u00df durch das Jesuskind Frieden zu allen Menschen kommt, ganz egal ob arm oder reich, schwarz oder wei\u00df, Kind oder Erwachsener.<\/p>\n\n\n\n<p>Meinen Freund Flori hat es ja am Anfang nicht so interessiert, aber so im Laufe des Spiels hat er ja eine Menge mitbekommen.<\/p>\n\n\n\n<p>Ja Flori und wenn es Dir solchen Spa\u00df gemacht hat k\u00f6nnten wir ja im n\u00e4chsten Jahr zusammen zum Krippenspiel in die Kirche gehen.\u201c<\/p>\n\n\n\n<p>Florian:<\/p>\n\n\n\n<p>\u201eOh, ja gerne, aber meinst Du wirklich die nehmen auch M\u00e4use?\u201c<\/p>\n\n\n\n<p><strong><em>LIED: \u201eStille Nacht, heilige Nacht\u201c<\/em><\/strong><\/p>\n","protected":false},"excerpt":{"rendered":"<div class=\"mh-excerpt\"><p>Autor: D. Kirschniok \u201eWeihnachtsrumpelkammer\u201c \u2013 Krippenspiel Betheln 2010 Frederik: \u201eDu Florian, ist Dir auch so schrecklich lang\u2014weilig?\u201c Florian: \u201eJa, besonders jetzt in der Weihnachtszeit kommt selten einer hier oben auf den Dachboden.\u201c Frederik: \u201eWenn mir <a class=\"mh-excerpt-more\" href=\"https:\/\/krippenspiele.d-hauser.com\/?page_id=35\" title=\"Betheln 1\">[&#8230;]<\/a><\/p>\n<\/div>","protected":false},"author":1,"featured_media":0,"parent":2,"menu_order":0,"comment_status":"closed","ping_status":"closed","template":"","meta":{"footnotes":""},"class_list":["post-35","page","type-page","status-publish"],"_links":{"self":[{"href":"https:\/\/krippenspiele.d-hauser.com\/index.php?rest_route=\/wp\/v2\/pages\/35","targetHints":{"allow":["GET"]}}],"collection":[{"href":"https:\/\/krippenspiele.d-hauser.com\/index.php?rest_route=\/wp\/v2\/pages"}],"about":[{"href":"https:\/\/krippenspiele.d-hauser.com\/index.php?rest_route=\/wp\/v2\/types\/page"}],"author":[{"embeddable":true,"href":"https:\/\/krippenspiele.d-hauser.com\/index.php?rest_route=\/wp\/v2\/users\/1"}],"replies":[{"embeddable":true,"href":"https:\/\/krippenspiele.d-hauser.com\/index.php?rest_route=%2Fwp%2Fv2%2Fcomments&post=35"}],"version-history":[{"count":1,"href":"https:\/\/krippenspiele.d-hauser.com\/index.php?rest_route=\/wp\/v2\/pages\/35\/revisions"}],"predecessor-version":[{"id":36,"href":"https:\/\/krippenspiele.d-hauser.com\/index.php?rest_route=\/wp\/v2\/pages\/35\/revisions\/36"}],"up":[{"embeddable":true,"href":"https:\/\/krippenspiele.d-hauser.com\/index.php?rest_route=\/wp\/v2\/pages\/2"}],"wp:attachment":[{"href":"https:\/\/krippenspiele.d-hauser.com\/index.php?rest_route=%2Fwp%2Fv2%2Fmedia&parent=35"}],"curies":[{"name":"wp","href":"https:\/\/api.w.org\/{rel}","templated":true}]}}