{"id":20,"date":"2020-03-08T14:33:39","date_gmt":"2020-03-08T13:33:39","guid":{"rendered":"http:\/\/krippenspiele.d-hauser.com\/?page_id=20"},"modified":"2020-03-08T18:43:31","modified_gmt":"2020-03-08T17:43:31","slug":"angela-bunsen-2","status":"publish","type":"page","link":"https:\/\/krippenspiele.d-hauser.com\/?page_id=20","title":{"rendered":"Angela Bunsen 2"},"content":{"rendered":"\n<h1 class=\"wp-block-heading\">\u201e&#8230;dort ist Weihnachten\u201c<\/h1>\n\n\n\n<p>Weihnachten 2006 <br>St. Markus \u2013 Schwafheim<\/p>\n\n\n\n<p>Dieses Krippenspiel ist f\u00fcr sieben Kinder im Alter von 7-14 Jahren geschrieben worden und dauert 8-10 Minuten. <br>Zwei Hirten sitzen am Feuer und denken dar\u00fcber nach, was aus Weihnachten geworden ist. <br>Und dann tritt Jesus selber auf, der seinen Geburtstag feiern m\u00f6chte \u2013 und niemand hat Zeit\u2026.<\/p>\n\n\n\n<p><em> <br><strong>Mitwirkende Personen:<\/strong><\/em><\/p>\n\n\n\n<p><em>Alter Hirte <br>Junger Hirte <br>Frau in Eile <br>Vater <br>Mutter <br>quengelndes Kind <br>Jesus<\/em><\/p>\n\n\n\n<p><em><strong>Requisite:<\/strong><\/em><\/p>\n\n\n\n<p><em>Strahler <br>Verl\u00e4ngerungskabel <br>Gr\u00fcnes Tuch als Wiese <br>Fl\u00f6te <br>Schnitzmesser \/ St\u00fcck Holz <br>Wei\u00dfes Gewand f\u00fcr Jesus <br>Hirtenumh\u00e4nge (Kartoffels\u00e4cke) <br>Wanderstab <br>Plastikt\u00fcten (vollgepackt) <br>Altes Stofftier<\/em><\/p>\n\n\n\n<p><em>Spieldauer: ca. 10 Minuten<\/em><\/p>\n\n\n\n<p><em>Hirten sitzen bei ihren Schafen. Ein Hirte schnitzt, ein anderer spielt Fl\u00f6te, h\u00f6rt zu spielen auf, schaut zum Himmel,<\/em><\/p>\n\n\n\n<p><strong>1. Hirte<\/strong> Es ist so ruhig, ganz eigenartig still \u2013 so muss es wohl damals gewesen sein, Pause Wei\u00dft du, was das Besondere an dieser Nacht heute ist<\/p>\n\n\n\n<p><strong>2. Hirte<\/strong> Ja, es ist heute besonderes kalt, ich friere ganz besonders und Hunger habe ich auch!<\/p>\n\n\n\n<p><strong>1. Hirte<\/strong> Das du immer nur ans Essen denkst! Weist du denn nicht, was unsere V\u00e4ter und Gro\u00dfv\u00e4ter \u00fcber diese Nacht erz\u00e4hlen?<\/p>\n\n\n\n<p><strong>2.Hirte<\/strong> Ach, du meinst das mit dem Kind, in jener Nacht! <em>zeigt in Richtung Altar <br><\/em>Dort dr\u00fcben bei Bethlehem in einem Stall. Von einer Jungfrau wurde es geboren, Maria war ihr Name. Man sagt, damals sei der Sohn Gottes in die Welt gekommen. So haben es die Engel verk\u00fcndet, die unseren Vorfahren damals auf diesem Feld hier erschienen sind. Aber, das ist lange her, schon \u00fcber 2000 Jahre.<\/p>\n\n\n\n<p><strong>1. Hirte<\/strong> nickt mit dem Kopf Jesus haben sie das Kind genannt.<\/p>\n\n\n\n<p><strong>2. Hirte<\/strong> weist du denn, was aus diesem Kind geworden ist?<\/p>\n\n\n\n<p><strong>1. Hirte<\/strong> Ach, das war eine ganz traurige Sache. Es ist \u00fcberliefert, Jesus habe sp\u00e4ter sehr viel Gutes getan in seinem Leben. Die Menschen liebten ihn. Er hat viel von Gott, seinem Vater im Himmel erz\u00e4hlt, hat Kranke geheilt und sogar ein M\u00e4dchen und auch seinen Freund Lazarus von den Toten auferweckt. Doch einigen Gelehrten gefiel nicht, dass Jesus so beliebt war und ihm so viele Menschen nachfolgten. Und da haben sie ihn gekreuzigt, ermordet. 33 Jahre ist er nur geworden. <br>Doch das merkw\u00fcrdigste ist, drei Tage sp\u00e4ter ist er von den Toten auferstanden. Vielen seiner J\u00fcnger ist er noch erschienen und hat gro\u00dfe Wunder gewirkt, ehe er zu seinem Vater in den Himmel aufgefahren ist. <br><strong>2. Hirte<\/strong> glaubst du das? <em>sieht fragend aus <br><\/em>Ich meine, das ist doch alles eine Legende. Eine Geschichte, nichts weiter.<\/p>\n\n\n\n<p><strong>1. Hirte<\/strong> eine Legende kann nicht 2006 Jahre \u00fcberleben! Und f\u00fcr eine Geschichte ist Jesus nicht gestorben. <br>Jedes Jahr feiern wir das Fest seiner Geburt. Auch heute noch. Die Menschen nennen es Weihnachten.<\/p>\n\n\n\n<p><strong>2. Hirte<\/strong> und &#8211; was ist aus Weihnachten geworden?<\/p>\n\n\n\n<p><strong>1. Hirte<\/strong> <em>steht auf, zeigt zur T\u00fcre<\/em> Sieh selbst! <br><em>Nehmen Decken, gehen zur Seite weg<\/em><\/p>\n\n\n\n<p>&#8212;&#8212;&#8212;&#8212;&#8212;&#8212;&#8211;<\/p>\n\n\n\n<p>Jesus kommt durch den Mittelgang<\/p>\n\n\n\n<p><strong>Jesus <\/strong>Heute ist mein Geburtstag. Seit \u00fcber 2000 Jahren gehe ich durch die Zeit. Ich suche Menschen, die mit mir feiern wollen. Alle m\u00f6chte ich einladen, doch so Wenige haben Zeit. <br>Hallo, Hallo du&#8230;..<\/p>\n\n\n\n<p><em>Frau kommt von der Seite, sieht gestresst aus, hat Einkaufst\u00fcten in der Hand<\/em><\/p>\n\n\n\n<p><strong>Frau<\/strong> Ja, was ist, was willst du, ich gebe heute keine Almosen mehr! <br>Heute betteln sie alle!<\/p>\n\n\n\n<p><strong>Jesus <\/strong>Ich bin Jesus, ich m\u00f6chte dich einladen heute mit mir meinen&#8230;..<\/p>\n\n\n\n<p><strong>Frau <\/strong>sieht Jesus emp\u00f6rt an, stellt die Einkaufstaschen ab, <br>So, so, du m\u00f6chtest mit mir feiern. Sag mal, wei\u00dft du nicht, was heute f\u00fcr ein Fest ist??? Heute ist Weihnachten, dass Fest der Hektik, des Essens, der Magen &#8211; und Gewichtsprobleme. Ich habe mal gerade die Zutaten f\u00fcr den Festbraten gekauft, muss das Essen f\u00fcr heute Abend vorbereiten, denn die ganze liebe Verwandtschaft hat sich zum 4 \u2013 G\u00e4nge Men\u00fc eingeladen. Und du stehst nicht auf meiner G\u00e4steliste. Also, ich muss weiter, denn, den Baum muss ich auch noch schm\u00fccken. Alles bleibt an mir h\u00e4ngen.<\/p>\n\n\n\n<p><em>Geht ab, sagt im Weitergehen:<\/em><\/p>\n\n\n\n<p>Jesus, Jesus, wer ist Jesus, als ob ich heute noch Zeit f\u00fcr irgendwelche Geburtstagsfeiern h\u00e4tte, bleibt stehen, sieht auf ihre Hand <br>oh, nein, auch das noch, jetzt ist mir noch ein Nagel abgebrochen!!!<\/p>\n\n\n\n<p><strong>Vater<\/strong> <em>kommt schnell von der Seite<\/em><\/p>\n\n\n\n<p><strong>Jesus <\/strong>Hallo Freund&#8230;warte mal, ich&#8230;.<\/p>\n\n\n\n<p><strong>Vater <\/strong>winkt ab, keine Zeit, keine Zeit. Heute ist Weihnachten, das Fest der Geschenke! Und ich bin doppelt gestraft, weil mein Sohn heute auch noch Geburtstag hat. Also muss ich f\u00fcr heute Mittag Geburtstagsgeschenke und f\u00fcr heute Abend Weihnachtsgeschenke kaufen! Und &#8211; was schenkt man einem Kind, das schon alles hat? <br>Du siehst, keine Zeit, mach\u2019s gut und&#8230; frohe Weihnachten. <br><em>Jesus steht mit gesenktem Kopf. Mutter kommt mit quengelndem Kind an der Hand durch den Mittelgang. Kind h\u00e4lt Kuscheltier im Arm und zieht an der Hand der Mutter, zeigt nach hinten<\/em><\/p>\n\n\n\n<p><strong>Kind <\/strong>Bitte Mama, bitte, bitte, kauf mir doch den gro\u00dfen Stoffl\u00f6wen, ich m\u00f6chte ihn so gerne haben!!!!<\/p>\n\n\n\n<p><strong>Mutter<\/strong> jetzt habe ich aber genug! Komm endlich! Ich h\u00e4tte auch so manches gerne. Aber wir haben kein Geld f\u00fcr so was. Je fr\u00fcher du lernst, das dein Leben kein Wunschkonzert ist, umso besser f\u00fcr dich.<\/p>\n\n\n\n<p><em>Bleiben bei Jesus stehen<\/em><\/p>\n\n\n\n<p>Jesus Ihr seht genauso traurig aus wie ich, dabei ist heute mein Geburtstag. Ich bin Jesus, doch niemand will&#8230;<\/p>\n\n\n\n<p><strong>Mutter<\/strong> .. wie sch\u00f6n f\u00fcr dich, herzlichen Gl\u00fcckwunsch. Aber mir ist heute nicht nach feiern zu Mute. Heute ist Weihnachten, das Fest des Reichtums und des Wohlstandes. Ich wei\u00df sehr wohl wer du bist, doch deine Botschaft bringt mir nichts. Durch deine sch\u00f6nen Worte bekommt mein Mann keine neue Arbeit. Warst du in letzter Zeit mal auf dem Arbeitsamt? Mein Mann ist dort \u00f6fter als zu Hause!!! Wie oft habe ich dich um Hilfe angefleht, aber du hast mich nicht geh\u00f6rt! <br><strong>Jesus<\/strong> Ihr Menschen seid wie Kinder, die zerbrochenes Spielzeug zum Vater bringen, ohne daran zu glauben, dass er es auch wirklich reparieren kann. Du hast zu mir gerufen, aber hast du mir vertraut? Ich bin in die Welt gekommen, um eure Sorgen mit zu tragen. Doch ihr wollt alle eure Sorgen &#8211; von Gestern, von heute und Morgen mit euch herum schleppen. Und alle Probleme wollt ihr alleine l\u00f6sen. Gebt doch alle eure Sorgen mir, vertraut sie mir an. Mir ist alle Macht gegeben. Und es ist die gleiche Macht, mit der ich Kranke heilte, und Menschen von den Toten auferweckte. Glaubt mir doch, vertraut darauf, dass ich auch heute noch Wunder vollbringen kann.<\/p>\n\n\n\n<p><strong>Mutter<\/strong> Ich glaube, was ich sehe, und ich sehe unsere Not. Ich sehe meine Sorgen von heute und glaube daran, dass ich auch morgen noch Probleme haben werde. Ich bin alleine mit meinen \u00c4ngsten. Sch\u00f6nen Geburtstag noch, komm jetzt endlich, wir m\u00fcssen nach Hause&#8230;<\/p>\n\n\n\n<p><em>Mutter geht langsam und m\u00fcde ab, zieht das Kind hinter sich her, Kind weint<\/em><\/p>\n\n\n\n<p><strong>Jesus <\/strong>Ich bin als Tr\u00f6ster der Welt zu euch gekommen! Ich heile eure Leiden durch meine Leiden, ich stille eure Schmerzen durch meine Schmerzen. Ich lasse euch niemals alleine. Denn ich wei\u00df, was es hei\u00dft, einsam zu sein.<\/p>\n\n\n\n<p><em>Kind rei\u00dft sich von der Mutter los, l\u00e4uft zu Jesus, gibt ihm sein Stofftier <br><\/em><strong>Kind<\/strong> Hier, du kannst es haben. Ich schenke es dir. Du brauchst es n\u00f6tiger als ich. Denn ich habe meine Eltern, die mich lieb haben, du aber bist alleine. Du hast heute Geburtstag und niemand hat dir etwas geschenkt. Ich habe dich lieb! <em>u<\/em><em>marmt Jesus <\/em> <br>Herzlichen Gl\u00fcckwunsch zum Geburtstag!<\/p>\n\n\n\n<p><strong>Mutter<\/strong> <em>sieht besch\u00e4mt aus, streckt Jesus die H\u00e4nde entgegen<\/em><\/p>\n\n\n\n<p>Nein, du bist nicht allein! Bleibe bei uns, denn es wird Abend und es ist drau\u00dfen dunkel und kalt. <br>Warum wird mir erst jetzt klar, dass wir ohne dich nichts erreichen k\u00f6nnen. Mit deiner Hilfe aber ist alles m\u00f6glich. Warum f\u00e4llt es mir pl\u00f6tzlich so leicht, das zu glauben? Ich wei\u00df jetzt, wenn wir alle unsere Sorgen in deine H\u00e4nde legen, wird auch mein Mann wieder Arbeit finden. Jetzt wei\u00df ich, dort wo die Menschen dir Liebe und Vertrauen entgegen bringen, dort wohnst du. Und wo du wohnst, wo man dich einl\u00e4sst, dort ist Weihnachten. Weil du heute da bist, wird diese Nacht heilig. Ich m\u00f6chte, dass du bei uns bleibst.<\/p>\n\n\n\n<p><em>Zeigt zur Gemeinde<\/em><\/p>\n\n\n\n<p>Wir alle hier m\u00f6chten das. Wir wollen mit dir deinen Geburtstag feiern, das Fest der Liebe, des Vertrauens und der Geborgenheit. Das Fest deiner Geburt.<\/p>\n\n\n\n<p><em>Alle kommen vor den Altar<\/em><\/p>\n\n\n\n<p><strong>Alle <\/strong>denn wo du bist, dort ist Weihnachten<\/p>\n","protected":false},"excerpt":{"rendered":"<div class=\"mh-excerpt\"><p>\u201e&#8230;dort ist Weihnachten\u201c Weihnachten 2006 St. Markus \u2013 Schwafheim Dieses Krippenspiel ist f\u00fcr sieben Kinder im Alter von 7-14 Jahren geschrieben worden und dauert 8-10 Minuten. Zwei Hirten sitzen am Feuer und denken dar\u00fcber nach, <a class=\"mh-excerpt-more\" href=\"https:\/\/krippenspiele.d-hauser.com\/?page_id=20\" title=\"Angela Bunsen 2\">[&#8230;]<\/a><\/p>\n<\/div>","protected":false},"author":1,"featured_media":0,"parent":2,"menu_order":0,"comment_status":"closed","ping_status":"closed","template":"","meta":{"footnotes":""},"class_list":["post-20","page","type-page","status-publish"],"_links":{"self":[{"href":"https:\/\/krippenspiele.d-hauser.com\/index.php?rest_route=\/wp\/v2\/pages\/20","targetHints":{"allow":["GET"]}}],"collection":[{"href":"https:\/\/krippenspiele.d-hauser.com\/index.php?rest_route=\/wp\/v2\/pages"}],"about":[{"href":"https:\/\/krippenspiele.d-hauser.com\/index.php?rest_route=\/wp\/v2\/types\/page"}],"author":[{"embeddable":true,"href":"https:\/\/krippenspiele.d-hauser.com\/index.php?rest_route=\/wp\/v2\/users\/1"}],"replies":[{"embeddable":true,"href":"https:\/\/krippenspiele.d-hauser.com\/index.php?rest_route=%2Fwp%2Fv2%2Fcomments&post=20"}],"version-history":[{"count":1,"href":"https:\/\/krippenspiele.d-hauser.com\/index.php?rest_route=\/wp\/v2\/pages\/20\/revisions"}],"predecessor-version":[{"id":21,"href":"https:\/\/krippenspiele.d-hauser.com\/index.php?rest_route=\/wp\/v2\/pages\/20\/revisions\/21"}],"up":[{"embeddable":true,"href":"https:\/\/krippenspiele.d-hauser.com\/index.php?rest_route=\/wp\/v2\/pages\/2"}],"wp:attachment":[{"href":"https:\/\/krippenspiele.d-hauser.com\/index.php?rest_route=%2Fwp%2Fv2%2Fmedia&parent=20"}],"curies":[{"name":"wp","href":"https:\/\/api.w.org\/{rel}","templated":true}]}}