{"id":156,"date":"2020-03-08T16:14:44","date_gmt":"2020-03-08T15:14:44","guid":{"rendered":"http:\/\/krippenspiele.d-hauser.com\/?page_id=156"},"modified":"2020-03-08T18:50:27","modified_gmt":"2020-03-08T17:50:27","slug":"tecklenburg-2","status":"publish","type":"page","link":"https:\/\/krippenspiele.d-hauser.com\/?page_id=156","title":{"rendered":"Tecklenburg 2"},"content":{"rendered":"\n<p>Mai Seippel <br>Heiligabend \u2013 Familiengottesdienst<\/p>\n\n\n\n<p>(Einzug mit Darstellern)<\/p>\n\n\n\n<p>Lied 107,1 Macht hoch die T\u00fcr<\/p>\n\n\n\n<p>Begr\u00fc\u00dfung \/ Kyrie \/ Gebet<\/p>\n\n\n\n<p>Lied 1o7, 2 + 3<\/p>\n\n\n\n<p>(Hirten sprechen zu den Kirchenbesuchern)<\/p>\n\n\n\n<p>1. Hirte: Habt ihr\u2019s geh\u00f6rt? Wir singen, weil wir fr\u00f6hlich sind. \u2013 Und warum? \u2013 Na klar: Jesus ist geboren und heute feiern wir seinen Geburtstag!<\/p>\n\n\n\n<p>2. Hirte: Nun erf\u00fcllt sich, was der Engel Gabriel verk\u00fcndet hat. Er kam zu Maria und sagte ihr, dass durch sie der Sohn Gottes in die Welt kommen wird, er soll Jesus hei\u00dfen.<\/p>\n\n\n\n<p>1. Hirte: Jesus, das hei\u00dft \u201eGott rettet\u201c, er ist unser Heiland! &#8211; Heiland, ein wunderbares Wort: Da steckt \u201eHeil\u201c drin! Wenn wir geheilt werden, dann geht es uns wieder gut.<\/p>\n\n\n\n<p>2. Hirte: Wir k\u00f6nnen auch von Traurigkeit geheilt werden: Jesus hat Menschen fr\u00f6hlich gemacht. \u2013 Doch jetzt seht selbst, was wir damals in Bethlehem erlebt haben.<\/p>\n\n\n\n<p>(Hirten gehen zu ihrem \u201eSchlafplatz\u201c)<\/p>\n\n\n\n<p>Lied 891, 1 Unfriede herrscht auf der Erde<\/p>\n\n\n\n<p>(R\u00f6mer kommen von hinten mit Trommeln)<\/p>\n\n\n\n<p>R\u00f6mer: H\u00f6rt ihr Leute den Befehl des Kaisers Augustus: Jeder muss in seinen Geburtsort gehen, um sich f\u00fcr die Volksz\u00e4hlung in eine Liste einzutragen!<\/p>\n\n\n\n<p>(R\u00f6mer wiederholen ihren Ruf vorne und gehen ab)<\/p>\n\n\n\n<p>Lied 114, 1-3 Es kommt ein Schiff geladen<\/p>\n\n\n\n<p>(W\u00e4hrend der Sprecher erz\u00e4hlt, ziehen Maria + Josef ein)<\/p>\n\n\n\n<p>Sprecher: Josef stammte aus Bethlehem. Darum machte er sich mit Maria auf den Weg dorthin. Das war nicht leicht, denn Maria war schwanger und trug Jesus in ihrem Leib.<\/p>\n\n\n\n<p>(Maria + Josef gehen vor bis an die rechte T\u00fcr)<\/p>\n\n\n\n<p>Maria: Endlich sind wir hier in Bethlehem angekommen. Hoffentlich finden wir hier in der Herberge noch einen Platz! \u2013 <br>(Josef klopft an, sie warten vor der T\u00fcr. Dann gehen sie eine Runde und durch die T\u00fcr ab)<\/p>\n\n\n\n<p>Sprecher: Dies war nicht die einzige Herberge, wo sie anfragten. Aber es gab keinen Platz mehr. Schlie\u00dflich wurde ihnen ein Stall gezeigt, in dem es einen Ochsen, einen Esel und eine Futterkrippe gab. Da hatten sie wenigstens ein Dach \u00fcber dem Kopf und sie waren vor dem kalten Wind gesch\u00fctzt. &#8211; Hier wurde in der Nacht das Jesuskind geboren!<\/p>\n\n\n\n<p>Lied (Zu Bethlehem geboren)<\/p>\n\n\n\n<p>(Hirten am Schlafplatz stehen auf)<\/p>\n\n\n\n<p>1.Hirte: He, ich kann nicht mehr schlafen!<\/p>\n\n\n\n<p>2.Hirte: Ich schlafe schon lange nicht mehr.<\/p>\n\n\n\n<p>1.Hirte: Ich hatte einen Traum: Alles war so warm und hell! Ich habe auf einmal nicht mehr gefroren. Ein Mann hat seine Arme um mich gelegt und mich gefragt, wie\u2019s mir geht.<\/p>\n\n\n\n<p>2.Hirte: Wann hat sich schon mal jemand um dich gek\u00fcmmert!?<\/p>\n\n\n\n<p>(3.Hirte: Ihr werdet es nicht glauben, aber bei mir war es auch ganz hell! Und das Sch\u00f6nste war, dass ich zum ersten Mal normal laufen konnte, als w\u00e4ren meine F\u00fc\u00dfe heil! )<\/p>\n\n\n\n<p>1.Hirte: Seht das Licht dort! Das scheint so hell, &#8211; darum bin ich so fr\u00fch aufgewacht. \u2013 Oh, schaut doch \u2026! <br>(Er zeigt nach oben auf ein Licht. &#8211; Durch die T\u00fcr kommen Engel)<\/p>\n\n\n\n<p>Engel: F\u00fcrchtet euch nicht! Denn ich verk\u00fcnde euch eine gro\u00dfe Freude. Heute ist euch in der Stadt Davids der Retter geboren. Er ist der Messias, der Herr. Geht und ihr werdet ein Kind finden, in Windeln gewickelt, das in einer Krippe liegt.<\/p>\n\n\n\n<p>Lied: G L O R I A<\/p>\n","protected":false},"excerpt":{"rendered":"<div class=\"mh-excerpt\"><p>Mai Seippel Heiligabend \u2013 Familiengottesdienst (Einzug mit Darstellern) Lied 107,1 Macht hoch die T\u00fcr Begr\u00fc\u00dfung \/ Kyrie \/ Gebet Lied 1o7, 2 + 3 (Hirten sprechen zu den Kirchenbesuchern) 1. Hirte: Habt ihr\u2019s geh\u00f6rt? Wir <a class=\"mh-excerpt-more\" href=\"https:\/\/krippenspiele.d-hauser.com\/?page_id=156\" title=\"Tecklenburg 2\">[&#8230;]<\/a><\/p>\n<\/div>","protected":false},"author":1,"featured_media":0,"parent":2,"menu_order":0,"comment_status":"closed","ping_status":"closed","template":"","meta":{"footnotes":""},"class_list":["post-156","page","type-page","status-publish"],"_links":{"self":[{"href":"https:\/\/krippenspiele.d-hauser.com\/index.php?rest_route=\/wp\/v2\/pages\/156","targetHints":{"allow":["GET"]}}],"collection":[{"href":"https:\/\/krippenspiele.d-hauser.com\/index.php?rest_route=\/wp\/v2\/pages"}],"about":[{"href":"https:\/\/krippenspiele.d-hauser.com\/index.php?rest_route=\/wp\/v2\/types\/page"}],"author":[{"embeddable":true,"href":"https:\/\/krippenspiele.d-hauser.com\/index.php?rest_route=\/wp\/v2\/users\/1"}],"replies":[{"embeddable":true,"href":"https:\/\/krippenspiele.d-hauser.com\/index.php?rest_route=%2Fwp%2Fv2%2Fcomments&post=156"}],"version-history":[{"count":1,"href":"https:\/\/krippenspiele.d-hauser.com\/index.php?rest_route=\/wp\/v2\/pages\/156\/revisions"}],"predecessor-version":[{"id":157,"href":"https:\/\/krippenspiele.d-hauser.com\/index.php?rest_route=\/wp\/v2\/pages\/156\/revisions\/157"}],"up":[{"embeddable":true,"href":"https:\/\/krippenspiele.d-hauser.com\/index.php?rest_route=\/wp\/v2\/pages\/2"}],"wp:attachment":[{"href":"https:\/\/krippenspiele.d-hauser.com\/index.php?rest_route=%2Fwp%2Fv2%2Fmedia&parent=156"}],"curies":[{"name":"wp","href":"https:\/\/api.w.org\/{rel}","templated":true}]}}